s of j?
2
Let j = -18 + 25. Let z be (-4)/(-14) - (-61)/j. Let g = 6 + z. List the prime factors of g.
3, 5
Let i(j) = j**3 - j + 1 + 5*j**2 - 8 + 3 + 3. Let w(a) = -a**2 - 6*a - 4. Let t be w(-6). List the prime factors of i(t).
19
Suppose -408 = -3*x + 4*t, 0*x - 137 = -x + t. What are the prime factors of 42/(-10)*(x/(-5) + -7)?
3, 7
Let c be -31 - (-4)/2 - (-2 + -1). Let u = 59 + c. What are the prime factors of u?
3, 11
Let v(a) be the first derivative of -a**4/4 - 5*a**3 + 6*a**2 - a - 3. What are the prime factors of v(-16)?
3, 7
Let d(l) = 5*l - 5. Suppose -14*n + 15 = -11*n. List the prime factors of d(n).
2, 5
Let o(w) be the second derivative of w**4/12 + 5*w**3/2 + 4*w**2 - 9*w. List the prime factors of o(-15).
2
Let l = 754 - -390. List the prime factors of l.
2, 11, 13
Let j = 1 - 1. Suppose 2*h - 32 = -j*h. Suppose 2*k = -3*l + 87, -l + h = k + 4*k. What are the prime factors of l?
31
Let q be (42 - -2)*4/(-8). List the prime factors of (1 - (-2 + -37))*q/(-4).
2, 5, 11
What are the prime factors of -1*(-661 + 9)*(2 + -1)?
2, 163
Let o(n) = 5*n**3 - 2*n**2 + 2*n - 1. Let p be o(1). Let g = 6 - 0. List the prime factors of (g/p)/((-2)/(-72)).
2, 3
Suppose 7 - 20 = -g - 3*j, -3*g = 5*j - 27. Suppose -2*w - 224 = -g*w. What are the prime factors of w?
2, 7
Let r = 2196 + -1100. List the prime factors of r.
2, 137
Let x = 18 + 91. Let g = 234 - x. What are the prime factors of g?
5
Suppose 4*l = 5*a + 1529, -1484 = -4*l + 2*a - 6*a. List the prime factors of l.
2, 47
Suppose 9*o = 3*m + 14*o - 2003, 1 = o. What are the prime factors of m?
2, 3, 37
Let n(p) = -134*p - 171. What are the prime factors of n(-24)?
3, 5, 7, 29
Let j(l) = 8 - 5 + 89*l + 72*l - 28*l. List the prime factors of j(1).
2, 17
Suppose 2*g = 86*g - 469560. What are the prime factors of g?
2, 5, 13, 43
Suppose 4*f + 0*x - 2*x + 12 = 0, 0 = 5*f + 2*x + 33. What are the prime factors of 2/(-10) - 96/f?
19
What are the prime factors of 9939/12 - (-15)/(-60)?
2, 3, 23
Let d = 69 - 73. What are the prime factors of 114 + 1 + d/2 + 1?
2, 3, 19
Let u = 18 + -15. Suppose -s + 561 = u*g + 2*s, g = s + 189. What are the prime factors of g?
2, 47
Let c be (9/6)/((-3)/(-10)). Suppose 8 + 157 = c*r. Let k = r + -20. List the prime factors of k.
13
Let f(a) = -3*a**3 - 19*a**2 + 10*a - 11. What are the prime factors of f(-10)?
23, 43
Let p(o) = -23*o + 25. Let k(a) = -11*a + 12. Let q(s) = 5*k(s) - 2*p(s). Let t(w) = 1. Let x(g) = -q(g) + 3*t(g). What are the prime factors of x(4)?
29
Let a(t) = -t**2 + 13*t - 7. Let u be a(12). Suppose u*p - 122 = -l, 2*l = p - 0*l - 20. List the prime factors of 2/(-3)*(-396)/p.
11
Let j = 19 + -5. Suppose 0*r + 4*r + n = j, r + n = 5. Suppose r*t = -5*w + 168, 3*t = 4*t + w - 56. List the prime factors of t.
2, 7
Let h = -569 + 371. List the prime factors of (-4708)/h + 2/9.
2, 3
Let h = 413 - -919. List the prime factors of h.
2, 3, 37
Let n be (0 + -3)*(-30 - -4). Let s = n + -10. List the prime factors of s.
2, 17
Let v be 125/3 - 6/9. Let z = v + 13. What are the prime factors of z?
2, 3
Let x = 34 + -40. Let g(c) = -c**3 - 6*c**2 - 6*c - 4. List the prime factors of g(x).
2
Let g(h) = h**3 - 8*h**2 + 8*h + 1. Let w = 4 + -2. Suppose -f = 2*b + 2*b + 5, 0 = w*b + 6. List the prime factors of g(f).
2
Let m = 21 + -14. Let l(p) = -p**2 + 16*p + 2. List the prime factors of l(m).
5, 13
Suppose -5*b = -6*b + 5. Suppose -m = -3*u + 438 + 291, -3*m + 1229 = b*u. List the prime factors of u.
2, 61
Suppose -8*f - 15 = -13*f. Suppose f*d + 1168 = 11*d. List the prime factors of d.
2, 73
Let o(r) = -5*r - 41. Suppose 3*j - 29 = 2*s - 0*j, -25 = 2*s + j. List the prime factors of o(s).
2, 3
Let u = -32 + 128. Suppose 2*t + 12 = u. Let c = t - 15. What are the prime factors of c?
3
Suppose -162*q - 31464 = -171*q. What are the prime factors of q?
2, 19, 23
Suppose -3*b - 5*x + 6 = 0, -b + 6*b - 10 = 5*x. List the prime factors of (2/5 - (-868)/5) + b.
2, 11
Let l(g) = -104*g + 160. What are the prime factors of l(-15)?
2, 5, 43
Let h(c) = -c**2 - 32 + 2*c**2 + 2*c + 23. Let v be -1*(0 + (6 - -1)). List the prime factors of h(v).
2, 13
Let l = 17 - 14. Suppose -l*p = -8*p + 195. Let h = -13 + p. What are the prime factors of h?
2, 13
Suppose 10*o - 5*o = 15. Let m(w) be the third derivative of w**6/120 + w**5/60 - w**4/8 + w**3/3 - 6*w**2. List the prime factors of m(o).
29
Let j(n) = n**2 + 3*n - 8. Let p = -34 + 29. Let i be j(p). Suppose -4*l + 16 = -i*s, 4*s + 2 = -l + 3*s. What are the prime factors of l?
2
Suppose 6*f - f - 2*f = 0. Suppose q + 6*q - 161 = f. List the prime factors of q.
23
Let t = 63 + -26. Suppose 0 = -2*g - 3*z - t + 208, -3*g - z = -267. What are the prime factors of g?
2, 3, 5
Let m = 103 + -67. Suppose 6*h + 0*h = m. Suppose 5*k - h*k + 33 = 0. What are the prime factors of k?
3, 11
Let h(s) = s**2 + 11*s - 1. Let r be h(-12). Let a = r - 6. Suppose 0*x + a*x - 85 = 0. List the prime factors of x.
17
List the prime factors of -2*(-1)/(-10) - 836294/(-395).
29, 73
Let c(q) be the first derivative of -2*q**3 + 3*q**2 - 9. Let i be c(4). Let k = 120 + i. What are the prime factors of k?
2, 3
Suppose -c + y = -185, -5*c + y + 791 = -134. Let g = 310 - c. What are the prime factors of g?
5
Let a(l) = 2*l**3 - 5*l**2 + 5*l - 14. Let z be a(4). Let x = -16 + z. What are the prime factors of x?
2, 19
Suppose 0 = -178*p + 182*p - 2752. What are the prime factors of p?
2, 43
Let w(l) = 102*l**2 - 1. Let v be w(1). Let f(i) = -10*i**3 + 3*i**2 + 19*i - 41. Let h be f(2). Let s = v + h. List the prime factors of s.
2, 3, 5
Let v(w) = w**3 + 12*w**2 + w + 13. Let r be v(-12). Let m be r*(0 - 1) + 63. Suppose 35 = 2*b - p - 4, -2*p = 3*b - m. List the prime factors of b.
2, 5
Let f be 28 + -1*(1 + 0). Suppose 31 = 45*q - 14. Let d = f + q. List the prime factors of d.
2, 7
Let z(d) = d**2 + d + 4. Let a be z(0). Suppose 8*s - a*s = 4. What are the prime factors of 4/(-3 + s) - -45?
43
Suppose -336 - 152 = -5*x - 2*a, -5*x - 3*a = -492. List the prime factors of x.
2, 3
Suppose 5008 - 19243 = -15*o. List the prime factors of o.
13, 73
Let r(z) = -z + 0*z + 4*z - 3 + 2*z. Let t be r(6). Suppose 3*x - 58 = -0*x + 4*u, 0 = -2*x + 5*u + t. What are the prime factors of x?
2, 13
Suppose 4*x - x = -5*q - 470, 0 = x. What are the prime factors of -3 - q/(-2 - -4)?
2, 11
Let j be 2 + 14/4*4. Let c = 9 + j. Suppose c = t + 9. What are the prime factors of t?
2
Let d = 1225 - 649. What are the prime factors of d?
2, 3
Let p(o) = o**2 + 8*o + 3. Let n be p(-7). Suppose -3*h = 2*y - 207, 2*h - 2*y - 36 - 102 = 0. Let i = n + h. List the prime factors of i.
5, 13
Let c = -102 - -43. Let z = -24 - c. Let x = z - 22. What are the prime factors of x?
13
Let y be (2 - 0)/(1/(-2)). What are the prime factors of 6/(-12) - 358/y?
89
List the prime factors of 19053/45 + (-4)/((-80)/12).
2, 53
Let j(p) = 3*p - 5. Let i be j(2). Let x be (i + 3 - 7) + 42. Suppose -4*q + 3*q = -x. List the prime factors of q.
3, 13
Let p = -2 + 6. Suppose 0 = -t - p*n + 8, -2*t = -4*n + 2*n - 6. Suppose 21 = q - t. List the prime factors of q.
5
Let h(p) = p**2 + 7*p - 13. Let j be h(-9). Let k(y) = -4*y + y**2 + 5 + 7 - 5. List the prime factors of k(j).
2, 3
Suppose -4*b - 63 = -227. Let o = 10 + 7. Let u = b - o. What are the prime factors of u?
2, 3
Let c be (1 - 0)*(4 + (-1 - -3)). List the prime factors of (1 + -207)*(-3)/c.
103
Suppose -a - 7 = -4*o, -3*a - 6*o + 31 = -5*o. List the prime factors of (-190)/(-45) + -4 + 1780/a.
2, 3, 11
Let a = -30 - 12. Let h be 193/7 + (-18)/a. Let q = h + -17. What are the prime factors of q?
11
Let u(q) be the second derivative of q**3/3 + 16*q**2 - 7*q. List the prime factors of u(8).
2, 3
List the prime factors of (3585/(-10) - 2)/(13/(-26)).
7, 103
Let y(t) = 11*t - 31. Let f = -1 - -8. What are the prime factors of y(f)?
2, 23
Let j = 7 + -5. Let h(w) = 2*w**j + 0*w - 13*w**3 + w + 8*w**3 - 19*w**3. List the prime factors of h(-1).
5
Let x(j) = -3*j**2 - 2*j + 14. Let f(b) = -3*b**2 - 3*b + 15. Let c(s) = 5*f(s) - 6*x(s). What are the prime factors of c(-7)?
3, 53
Let l = 22 + -20. Suppose j + 2*z - 60 = 0, -l*j - j + 189 = 3*z. Suppose 9*o - 95 = -5*f + 4*o, o = 4*f - j. List the prime factors of f.
17
Suppose 0 = -3*k - 4*